Let h(f) = -2*f**3 - 14*f**2 + 10*f + 11. Is h(-8) a multiple of 33?
False
Let b(d) = -d + 34. Suppose -4*p + c + 1 = 13, -3 = p + 3*c. Let h = p - -3. Is b(h) a multiple of 17?
True
Suppose 1313 = 7*g + 452. Is 6 a factor of g?
False
Suppose g = -g - 3*y + 159, 5*g - 385 = -5*y. Is g a multiple of 24?
True
Suppose 2*t + 3*x = 3 - 0, -3*x = 3*t - 3. Let o(r) be the third derivative of r**6/120 - r**5/60 + 11*r**3/6 + 2*r**2. Does 11 divide o(t)?
True
Suppose 22 + 20 = 2*y. Is 9 a factor of y?
False
Suppose -36 = -3*q - 4*d, -2*q + 0*d + 2*d = -10. Does 11 divide 358/8 - (-2)/q?
False
Suppose 2*s - 167 + 43 = 0. Is s a multiple of 9?
False
Suppose -5*b + o + 2*o + 120 = 0, 5*b - o = 130. Is 5 a factor of b?
False
Let u = 11 + -7. Suppose -23 = -u*g - a, 3*g - 27 = -0*g - 4*a. Is ((-4)/g)/(6/(-45)) a multiple of 5?
False
Is 23 a factor of (-3470)/(-50) - (-4)/(-10)?
True
Let d = -8 + 11. Suppose 20 = d*n - 28. Is 4 a factor of n?
True
Let l = -12 + 5. Let o(s) = s**2 + 5*s - 3. Does 7 divide o(l)?
False
Does 33 divide -501*(1/(-2) - 3/18)?
False
Let t(k) = 2*k**2 + 12*k - 11. Is 11 a factor of t(-9)?
False
Let y = -12 + 127. Suppose 0 = 3*p + 2*p - y. Does 13 divide p?
False
Is 4 a factor of (-1 + -3)/(-4)*7?
False
Let k(y) = y**3 + y**2 + 1. Let t be k(-2). Let a(d) = -2*d - 1. Let r be a(t). Suppose -5*c = 3*f - 9, r*f + 4*c - 28 = -0*c. Is 7 a factor of f?
False
Suppose 2*j - p = -2*p + 2, j + 6 = -4*p. Let k be j/(-6) - 185/(-15). Is 1/4 - (-105)/k a multiple of 6?
False
Let o = -15 + 23. Let j = o + 5. Is j a multiple of 7?
False
Suppose 0 = 3*n + 2*n. Suppose -k + 5 + 9 = n. Is 7 a factor of k?
True
Let g(h) = h. Let o be g(2). Suppose w = -o*w + 18. Is 6 a factor of w?
True
Let l = 60 + 70. Is 19 a factor of l?
False
Let f(n) = 14*n + 1. Does 12 divide f(1)?
False
Let l(c) = 2*c**2 + 289. Is 17 a factor of l(0)?
True
Suppose -5*z - q + 254 = 0, -z + 56 = -6*q + q. Does 17 divide z?
True
Suppose -578 = -10*t + 212. Is t a multiple of 10?
False
Suppose 90 = -25*w + 30*w. Does 18 divide w?
True
Suppose -5*u + 12*u = 35. Is 5 a factor of u?
True
Suppose -2*p - 133 + 678 = 5*r, 2*p + 10 = 0. Does 11 divide r?
False
Let h(c) = c**3 - 11*c**2 + 3*c - 13. Suppose 0 = -5*z + 28 + 27. Does 20 divide h(z)?
True
Let w(b) = -b**3 + 8*b**2 - 7*b + 2. Let i be w(7). Suppose -3*f + 148 = 2*a, -2*a = i*f - 69 - 27. Does 13 divide f?
True
Suppose 0 = 3*t + 23 - 2. Let n = -5 + t. Let z = 30 + n. Does 18 divide z?
True
Let l be -5 + 0 + 3 + -1. Is 55 + (2 - (l + 7)) a multiple of 19?
False
Let o(i) = 6*i - 31. Does 23 divide o(9)?
True
Does 8 divide 4/((-75)/(-36) + -2)?
True
Suppose -655 = -5*r + 245. Is r a multiple of 15?
True
Let l = 34 - 19. Let c = 41 - l. Suppose -c + 7 = -i. Does 7 divide i?
False
Let s = 6 - 1. Suppose 22 = 4*c + s*l - 2*l, 4*c = 2*l + 12. Is 4 a factor of c?
True
Does 7 divide 100/5 - 1*-4?
False
Let s(z) = 4*z - z + 2 + z + 5*z**2 + z**3. Is 8 a factor of s(-3)?
True
Suppose -3*i + 4 = -i. Suppose -2*p = i*h - 8, 3*p = 3*h + 8 - 50. Suppose -h = -2*m + 1. Is 2 a factor of m?
False
Suppose 5*f + 720 = 4*x - 0*x, 0 = -4*x - 5*f + 760. Does 25 divide x?
False
Let g = -58 + 143. Does 34 divide g?
False
Let w(p) be the second derivative of -p**3/3 + p. Is 4 a factor of w(-2)?
True
Let l(s) = 3*s**2 - 3 + 2*s**3 + 2*s + s**2 - 3*s**3. Suppose 0 = -4*v - 0*v + 16. Is 5 a factor of l(v)?
True
Let o(b) = b**2 + 7*b + 6. Let q(h) be the second derivative of h**4/12 + 7*h**3/6 - 5*h**2 - 4*h. Let u be q(-7). Is 12 a factor of o(u)?
True
Let m = 32 + -21. Does 6 divide m?
False
Let n(c) = -c**2 + 6*c. Let s be n(6). Let p be (6/4)/(-1 + 177/168). Suppose s = -3*b - 5*q + 56, 5*q = -5*b + p + 72. Does 8 divide b?
False
Suppose -572 = -5*n - 3*u, -8 + 20 = 3*u. Does 7 divide n?
True
Is 8 a factor of (448/21)/((-6)/(-9))?
True
Suppose -3*o - 4*y + 28 = 0, -2*o - 2*y = -3*y - 26. Suppose 0 = 2*c - 6*c + o. Is 2 a factor of c?
False
Suppose 0*p - k + 121 = -3*p, -p - 39 = k. Let b be (p/12)/(2/(-3)). Suppose -b*g = -2*g - 126. Does 14 divide g?
True
Let p = 272 - 103. Does 13 divide p?
True
Suppose 4*f + 80 = -32. Let k = -11 - f. Does 17 divide k?
True
Let p = 306 - -13. Does 11 divide p?
True
Suppose -2*y + y = -16. Suppose 4*v - y = -0*v. Does 4 divide v?
True
Let c(i) = i**3 + 7*i**2 + 6*i + 4. Let w be c(-6). Let y(l) = -4 + 14*l**2 + w*l + 5 - l - 5*l. Is 10 a factor of y(1)?
False
Let n be ((-20)/(-3))/((-5)/(-15)). Let x be (8/10)/(8/n). Does 5 divide -10*-2*x/8?
True
Is 17 a factor of ((-92)/12)/((-5)/60)?
False
Let w be 1905/21 - (-6)/21. Suppose -87 = -5*x + t + w, -2*x = t - 74. Does 18 divide x?
True
Let t(v) = 20*v**2 + 5*v - 2. Let c(z) = 19*z**2 + 6*z - 3. Let f(b) = -3*c(b) + 4*t(b). Does 14 divide f(-1)?
False
Let v = -29 - -55. Is 20 a factor of v?
False
Suppose m - 121 = -w, -m - w = -2*w - 125. Suppose 3*f - m = -3*u + 96, -2*f = -u - 149. Is 28 a factor of f?
False
Let t = 3 + -3. Suppose t = 2*d - 3 - 3. Is ((-9)/12)/(d/(-24)) a multiple of 6?
True
Suppose 2*i = 4*r - 20, -2*i + 10 - 2 = 3*r. Is 4 a factor of r?
True
Let q(b) = -3 + 1 + 7 + b**3 + b**2. Let p be q(0). Suppose -8 = -p*u + u. Is 2 a factor of u?
True
Is (-2)/3 - 1472/(-48) a multiple of 10?
True
Let d be ((-4)/3)/(2/9). Let f(k) be the third derivative of k**6/120 + 7*k**5/60 - 4*k**3/3 + k**2. Is 12 a factor of f(d)?
False
Let h(o) = 2*o - 4. Let g be h(-9). Let w = 83 - 43. Let f = w + g. Is f a multiple of 9?
True
Suppose 3 = -4*l + 35. Suppose 4*o - 8 = l. Is 2 a factor of o?
True
Let u be 1/((-4)/(-68) + 0). Let y = u - 1. Does 16 divide y?
True
Let y(p) = p**2 + 10*p - 14. Let s be y(-11). Let k = s - -47. Is k a multiple of 22?
True
Suppose -3*z - z = 48. Is 10 a factor of (-6)/(z/40 + 0)?
True
Let n = -51 + 79. Is 7 a factor of n?
True
Let a be (-8)/(-2)*20/8. Suppose 2*v - a = -2. Is v a multiple of 3?
False
Suppose 4*u - 38 = 182. Is u a multiple of 11?
True
Suppose 2*r + w - 6*w = 8, 5*r + w = -34. Let y = r + 5. Does 5 divide (14/(-4))/(y/2)?
False
Let a(h) be the first derivative of -h**2/2 + 60*h + 4. Is 17 a factor of a(0)?
False
Suppose -2*n - 6 = 4, -2*i = -n + 175. Let w = i - -149. Let g = w + -41. Does 9 divide g?
True
Suppose -64 = 4*f - 288. Is f a multiple of 14?
True
Let q = 45 + -30. Suppose 0*s + q = 3*s. Does 5 divide s?
True
Let x(h) = h**2 - 7*h - 10. Let g be x(8). Let j be 6 + (-3)/g*-2. Suppose 0 = -3*r - j*w + 90, 0 = w - 4*w + 15. Is 7 a factor of r?
False
Suppose 3*m - 4 = 68. Suppose 0 = u - 6 + m. Is (-1700)/(-36) + 4/u a multiple of 12?
False
Let y(n) = n**3 + 2*n**2 + n - 3. Suppose 0 = -4*w + 3*a + 3, -2*w + 18 = 3*w + a. Is 15 a factor of y(w)?
True
Let c(x) = 2*x**3 - 9*x**2 + 2*x. Let z be c(7). Let a = z + -184. Does 24 divide a?
False
Let n(m) = 5*m - 1. Let c(q) = 4*q - 1. Let s(h) = 7*c(h) - 6*n(h). Is s(-2) even?
False
Let v = 65 - 31. Suppose 4*l = 3*l + v. Does 13 divide l?
False
Let z(v) = -2*v - 11. Let a be z(-6). Is 14 a factor of (30 - 2)*(a - 0)?
True
Suppose 3*x = 3*q + 96, 0*q - 2*x + 122 = -4*q. Let k = 47 + q. Does 6 divide k?
True
Let d be ((-11)/(-2) - 1)*6. Let l = -23 - -15. Let v = l + d. Is v a multiple of 10?
False
Suppose -4 = 5*f - 7*f. Suppose -y - 9 = f*y. Is 18 a factor of 2/y + (-62)/(-3)?
False
Let l(o) = -9*o**2 - 7*o**2 - 12*o**2 + 1 - 10*o**2. Let t be l(1). Let c = t + 64. Is c a multiple of 9?
True
Suppose 0 = 2*m - m + 6. Let z(v) be the first derivative of -2*v**2 + v - 4. Is 25 a factor of z(m)?
True
Let a = 50 + -77. Let h = 49 + a. Let z = -16 + h. Is 5 a factor of z?
False
Let y(m) be the second derivative of m**5/20 + m**4/6 - m**3/2 - m**2/2 - 2*m. Let p be y(-3). Is 1*(7 + p - 1) a multiple of 4?
False
Suppose -5*x + 4*a + 216 = -x, 4*x + 4*a = 232. Suppose -4*v = -5*v + x. Is 14 a factor of v?
True
Let z be 0/((-1)/(0 + -1)). Suppose 2*h = 13 - 5, -2*r - 4*h + 22 = z. Suppose -k - r*k + 40 = 0. Is k a multiple of 5?
True
Suppose 3*p - 70 = 2*t, 5*p - t - 7 = 112. Let v(u) = p*u - 1 - 6*u + 12*u. Does 10 divide v(1)?
False
Let g be 2*(0 + 1 + 0). Let r = 1 + g. Suppose -r*x + 20 = -x. Is 10 a factor of x?
True
Let b(x) = 19*x - 26. Is b(12) a multiple of 41?
False
Is ((-240)/(-64))/((-1)/(-36)) a multiple of 27?
True
Let n be 1/(-1*(-2)/72). Let i(f) = f**2 + f + 3. L